{"id":167,"date":"2023-06-23T11:36:42","date_gmt":"2023-06-23T11:36:42","guid":{"rendered":"https:\/\/magiccms.nl\/boxing\/?page_id=167"},"modified":"2023-07-15T13:26:35","modified_gmt":"2023-07-15T13:26:35","slug":"tarieven","status":"publish","type":"page","link":"https:\/\/magiccms.nl\/boxing\/tarieven\/","title":{"rendered":"Tarieven"},"content":{"rendered":"<section class=\"bde-section-167-100 bde-section\">\n              \n  \n\t\n\n  <div class=\"section-background-overlay\"><\/div>\n\n\n<div class=\"section-container\"><div class=\"bde-div-167-101 bde-div\">\n  \n\t\n\n\n\n<h5 class=\"bde-heading-167-102 bde-heading\">\nTarieven\n<\/h5><div class=\"bde-icon-list-167-103 bde-icon-list\">\n<ul>\n  \n              \n    <li>\n                      \n            \n            \n\n    \n    \n    \n    \n    <a class=\"breakdance-link bde-icon-list__item-wrapper\" href=\"tel:0031207859983\" target=\"_self\" data-type=\"contact\"  >\n\n      \n      <span class='bde-icon-list__icon'>\n        <svg xmlns=\"http:\/\/www.w3.org\/2000\/svg\" id=\"icon-phone\" viewBox=\"0 0 32 32\">\n<path d=\"M22 20c-2 2-2 4-4 4s-4-2-6-4-4-4-4-6 2-2 4-4-4-8-6-8-6 6-6 6c0 4 4.109 12.109 8 16s12 8 16 8c0 0 6-4 6-6s-6-8-8-6z\"\/>\n<\/svg>\n      <\/span>\n      <span class='bde-icon-list__text' >\n      020 785 99 83 \n      <\/span>\n                  <\/a>\n\n      \n    <\/li>\n\n  <\/ul>\n\n<\/div>\n<\/div><\/div>\n<\/section><section class=\"bde-section-167-118 bde-section\">\n  \n\t\n\n\n\n<div class=\"section-container\"><h1 class=\"bde-heading-167-119 bde-heading\">\nTarieven Amsterdams Boks Centrum\n<\/h1><div class=\"bde-rich-text-167-133 bde-rich-text breakdance-rich-text-styles\">\n<p>Bij ABC Boxing bieden we een reeks lessen die zijn ontworpen om aan je specifieke fitnessdoelen en interesses te voldoen. Of je nu je conditie of kracht wilt verbeteren of wilt deelnemen aan boks- en\/of Thaibokswedstrijden, wij hebben de mogelijkheden. Onder professionele begeleiding bieden we zowel groepslessen als \u00e9\u00e9n-op-\u00e9\u00e9n sessies om je te helpen de gewenste resultaten te behalen.<\/p>\n<\/div><div class=\"bde-grid-167-134 bde-grid\">\n  \n\t\n\n\n\n<div class=\"bde-div-167-135 bde-div\">\n  \n\t\n\n\n\n<h3 class=\"bde-heading-167-136 bde-heading\">\n\u20ac 22,50 p.m\n<\/h3><div class=\"bde-text-167-137 bde-text\">\nBoksen of Kickboksen Junioren t\/m 18 jaar \n<\/div>\n<\/div><div class=\"bde-div-167-144 bde-div\">\n  \n\t\n\n\n\n<h3 class=\"bde-heading-167-145 bde-heading\">\n\u20ac 28,00 p.m\n<\/h3><div class=\"bde-text-167-146 bde-text\">\nDames Fit\n<\/div>\n<\/div><div class=\"bde-div-167-141 bde-div\">\n  \n\t\n\n\n\n<h3 class=\"bde-heading-167-142 bde-heading\">\n\u20ac 33,50 p.m\n<\/h3><div class=\"bde-text-167-143 bde-text\">\nBoksen of Kickboksen Student\n<\/div>\n<\/div><div class=\"bde-div-167-138 bde-div\">\n  \n\t\n\n\n\n<h3 class=\"bde-heading-167-139 bde-heading\">\n\u20ac 39,50 p.m\n<\/h3><div class=\"bde-text-167-140 bde-text\">\nBoksen of Kickboksen Senioren vanaf 18 jaar\n<\/div>\n<\/div><div class=\"bde-div-167-121 bde-div\">\n  \n\t\n\n\n\n<h3 class=\"bde-heading-167-122 bde-heading\">\n\u20ac 10,00 \n<\/h3><div class=\"bde-text-167-123 bde-text\">\nProefles (gratis voor jongeren tot 17 jaar)\n<\/div>\n<\/div><div class=\"bde-div-167-147 bde-div\">\n  \n\t\n\n\n\n<h3 class=\"bde-heading-167-148 bde-heading\">\n\u20ac 60,00\n<\/h3><div class=\"bde-text-167-149 bde-text\">\n10 rittenkaart\n<\/div>\n<\/div>\n<\/div><\/div>\n<\/section><section class=\"bde-section-167-150 bde-section\">\n  \n\t\n\n\n\n<div class=\"section-container\"><div class=\"bde-columns-167-151 bde-columns\"><div class=\"bde-column-167-152 bde-column\">\n              \n  \n\t\n\n  <div class=\"section-background-overlay\"><\/div>\n\n\n<div class=\"bde-icon-167-153 bde-icon\">\n\n    \n            <div class=\"bde-icon-icon breakdance-icon-atom\" >\n    \n                    <svg xmlns=\"http:\/\/www.w3.org\/2000\/svg\" id=\"icon-checkmark2\" viewBox=\"0 0 32 32\">\n<path d=\"M12.42 28.678l-12.433-12.238 6.168-6.071 6.265 6.167 13.426-13.214 6.168 6.071-19.594 19.285zM3.372 16.441l9.048 8.905 16.208-15.953-2.782-2.739-13.426 13.214-6.265-6.167-2.782 2.739z\"\/>\n<\/svg>\n        \n        \n        \n            <\/div>\n    \n\n\n<\/div><h2 class=\"bde-heading-167-154 bde-heading\">\nProefles\n<\/h2><div class=\"bde-text-167-155 bde-text\">\nProfiteer van onze proeflessen en begin aan een reis om je conditie en vechtkunstvaardigheden te verbeteren. \n<\/div><div class=\"bde-button-167-156 bde-button\">\n    \n                                    \n    \n    \n    \n    \n            \n                    \n            \n                           \n                       \n                 \n\n    \n    \n                    \n    \n    <a class=\"breakdance-link button-atom button-atom--custom bde-button__button\" href=\"#\" target=\"_self\" data-type=\"action\"  data-action='{\"type\":\"popup\",\"popupOptions\":{\"popupId\":\"221\",\"popupAction\":\"open\"}}' >\n\n    \n        <span class=\"button-atom__text\">Aanmelden<\/span>\n\n        \n        \n                <\/a>\n\n    \n\n\n<\/div>\n<\/div><div class=\"bde-column-167-157 bde-column\">\n              \n  \n\t\n\n  <div class=\"section-background-overlay\"><\/div>\n\n\n<div class=\"bde-icon-167-162 bde-icon\">\n\n    \n            <div class=\"bde-icon-icon breakdance-icon-atom\" >\n    \n                    <svg xmlns=\"http:\/\/www.w3.org\/2000\/svg\" id=\"icon-checkmark\" viewBox=\"0 0 32 32\">\n<path d=\"M27 4l-15 15-7-7-5 5 12 12 20-20z\"\/>\n<\/svg>\n        \n        \n        \n            <\/div>\n    \n\n\n<\/div><h2 class=\"bde-heading-167-159 bde-heading\">\nCity Pass\n<\/h2><div class=\"bde-text-167-160 bde-text\">\nWe bieden ook betaalmogelijkheden via City Pass voor jongeren en 65-plussers.\n<\/div><div class=\"bde-button-167-161 bde-button\">\n    \n                                    \n    \n    \n    \n    \n            \n                    \n            \n            \n\n    \n    \n    \n    \n    <a class=\"breakdance-link button-atom button-atom--secondary bde-button__button\" href=\"tel:0031207859983\" target=\"_self\" data-type=\"contact\"  >\n\n    \n        <span class=\"button-atom__text\">Bel: 020 785 99 83<\/span>\n\n        \n        \n                <\/a>\n\n    \n\n\n<\/div>\n<\/div><\/div><\/div>\n<\/section>","protected":false},"excerpt":{"rendered":"<p>Tarieven 020 785 99 83 Tarieven Amsterdams Boks Centrum Bij ABC Boxing bieden we een reeks lessen die zijn ontworpen om aan je specifieke fitnessdoelen en interesses te voldoen. Of je nu je conditie of kracht wilt verbeteren of wilt deelnemen aan boks- en\/of Thaibokswedstrijden, wij hebben de mogelijkheden. Onder professionele begeleiding bieden we zowel [&hellip;]<\/p>\n","protected":false},"author":1,"featured_media":0,"parent":0,"menu_order":0,"comment_status":"closed","ping_status":"closed","template":"","meta":{"_breakdance_hide_in_design_set":false,"_breakdance_tags":"","footnotes":""},"class_list":["post-167","page","type-page","status-publish","hentry"],"_links":{"self":[{"href":"https:\/\/magiccms.nl\/boxing\/wp-json\/wp\/v2\/pages\/167","targetHints":{"allow":["GET"]}}],"collection":[{"href":"https:\/\/magiccms.nl\/boxing\/wp-json\/wp\/v2\/pages"}],"about":[{"href":"https:\/\/magiccms.nl\/boxing\/wp-json\/wp\/v2\/types\/page"}],"author":[{"embeddable":true,"href":"https:\/\/magiccms.nl\/boxing\/wp-json\/wp\/v2\/users\/1"}],"replies":[{"embeddable":true,"href":"https:\/\/magiccms.nl\/boxing\/wp-json\/wp\/v2\/comments?post=167"}],"version-history":[{"count":14,"href":"https:\/\/magiccms.nl\/boxing\/wp-json\/wp\/v2\/pages\/167\/revisions"}],"predecessor-version":[{"id":270,"href":"https:\/\/magiccms.nl\/boxing\/wp-json\/wp\/v2\/pages\/167\/revisions\/270"}],"wp:attachment":[{"href":"https:\/\/magiccms.nl\/boxing\/wp-json\/wp\/v2\/media?parent=167"}],"curies":[{"name":"wp","href":"https:\/\/api.w.org\/{rel}","templated":true}]}}